{"id":49377,"date":"2025-05-23T17:20:34","date_gmt":"2025-05-23T15:20:34","guid":{"rendered":"https:\/\/www.parruccheonline.com\/?post_type=product&#038;p=49377"},"modified":"2026-04-08T15:16:57","modified_gmt":"2026-04-08T13:16:57","slug":"parrucca-pauline","status":"publish","type":"product","link":"https:\/\/www.parruccheonline.com\/stagingg\/parrucca-pauline\/","title":{"rendered":"Parrucca Pauline"},"content":{"rendered":"<h2>Parrucca Pauline: Sartorialit\u00e0, Vestibilit\u00e0 speciale e Traspirazione super!<\/h2>\n<p>La <strong>parrucca Pauline<\/strong> \u00e8 un vero capolavoro artigianale <strong>interamente realizzata a mano<\/strong> appartenente alla collezione \u00a0<strong>Perf\u00e8Wig di Femina Farcaphair<\/strong> \u00e8 un bellissimo parrucca modello in fibra sintetica dalla vestibilit\u00e0 speciale.<\/p>\n<p>L&#8217;utilizzo di una parrucca, ha estrema importanza in fase d&#8217;acquisto. Particolarmente se, la necessit\u00e0 di doverla indossare, ha ragioni pi\u00f9 profonde rispetto ad un utilizzo puramente modaiolo.<\/p>\n<p>La parrucca <strong>Sintetica Pauline<\/strong> \u00e8 ideata Ideale per vestire teste dalla taglia Media-Medio piccola e piccola, grazie alla sapiente lavorazione si ben adatta anche alle persone avente un occipitale schiacciato (effetto piatto).<\/p>\n<h3>Parrucca Pauline: Caratteristiche<\/h3>\n<p>La realizzazione manuale del prodotto consente al modello Pauline di esser confortevole e visivamente realistico, unisce die caposaldi professionali la qualit\u00e0 di materiali e una precisa attenzione artigianale.<\/p>\n<p><strong>Lo stile:<\/strong> un taglio studiato per piacere a tutte le donne indipendentemente dall&#8217;et\u00e0, possiede un leggero movimento sulle punte per consentire alla parrucca un effetto &#8220;non statico&#8221;di medio.<\/p>\n<p><strong>Lunghezza<\/strong>: va oltre alle spalle con una sapientemente scalata e avvolge con femminilit\u00e0 il viso.<\/p>\n<p><strong>Colori<\/strong>: Disponibile in tutte le tonalit\u00e0\u00a0 da quelle basi a quelle mesciate ai rooted (effetto ricrescita) ai balayage. Non viene realizzata nella gamma dei grigi.<\/p>\n<p><strong>Utilizzo:<\/strong> I&#8217;uso \u00e8 prettamente indicato alle persone che hanno perso i capelli a causa di cicli o di alopecie patologiche.<\/p>\n<p><strong>Calotta:<\/strong> realizzata a mano fantastica per la per la sua traspirazione e leggerezza, un vero toccasana per chi deve indossare la parrucca nei periodi estivi e afosi.<\/p>\n<p>Suggeriamo in tal senso di utilizzare il sotto parrucca wig Liner di turbanti Aurora.<\/p>\n<p><img fetchpriority=\"high\" decoding=\"async\" class=\"alignnone size-medium wp-image-49399\" src=\"https:\/\/www.parruccheonline.com\/wp-content\/uploads\/2025\/05\/7-300x300.jpg\" alt=\"Parrucca Pauline\" width=\"300\" height=\"300\" srcset=\"https:\/\/www.parruccheonline.com\/stagingg\/wp-content\/uploads\/2025\/05\/7-300x300.jpg 300w, https:\/\/www.parruccheonline.com\/stagingg\/wp-content\/uploads\/2025\/05\/7-150x150.jpg 150w, https:\/\/www.parruccheonline.com\/stagingg\/wp-content\/uploads\/2025\/05\/7-768x768.jpg 768w, https:\/\/www.parruccheonline.com\/stagingg\/wp-content\/uploads\/2025\/05\/7-600x600.jpg 600w, https:\/\/www.parruccheonline.com\/stagingg\/wp-content\/uploads\/2025\/05\/7-100x100.jpg 100w, https:\/\/www.parruccheonline.com\/stagingg\/wp-content\/uploads\/2025\/05\/7.jpg 800w\" sizes=\"(max-width: 300px) 100vw, 300px\" \/> <img decoding=\"async\" class=\"alignnone size-medium wp-image-49400\" src=\"https:\/\/www.parruccheonline.com\/wp-content\/uploads\/2025\/05\/8-300x300.jpg\" alt=\"Parrucca Pauline\" width=\"300\" height=\"300\" srcset=\"https:\/\/www.parruccheonline.com\/stagingg\/wp-content\/uploads\/2025\/05\/8-300x300.jpg 300w, https:\/\/www.parruccheonline.com\/stagingg\/wp-content\/uploads\/2025\/05\/8-150x150.jpg 150w, https:\/\/www.parruccheonline.com\/stagingg\/wp-content\/uploads\/2025\/05\/8-768x768.jpg 768w, https:\/\/www.parruccheonline.com\/stagingg\/wp-content\/uploads\/2025\/05\/8-600x600.jpg 600w, https:\/\/www.parruccheonline.com\/stagingg\/wp-content\/uploads\/2025\/05\/8-100x100.jpg 100w, https:\/\/www.parruccheonline.com\/stagingg\/wp-content\/uploads\/2025\/05\/8.jpg 800w\" sizes=\"(max-width: 300px) 100vw, 300px\" \/><\/p>\n<h3 data-sourcepos=\"7:1-7:279\">La differenza: non \u00e8 solo bella ma passa inosservata<\/h3>\n<p data-sourcepos=\"7:1-7:279\">Tutti sono alla ricerca di stili super ma che poi risultano essere poco credibili.<\/p>\n<p data-sourcepos=\"7:1-7:279\">La parrucca Pauline non \u00e8 solo solamente bella da vedere ma soprattutto passa inosservata anche all&#8217;occhio pi\u00f9 indiscreto.<\/p>\n<p data-sourcepos=\"7:1-7:279\">Lavorazione e materiali:<\/p>\n<p>il valore aggiunto della parrucca \u00e8 la realizzazione interamente a mano, utilizzando materiali materiali di pregio che qui sotto riportiamo:<\/p>\n<p>-Monofilamente al centro testa con effetto cute questa materiale consente al capello annodato di imitare la crescita naturale dei capelli dal cuoio capelluto.<\/p>\n<p>-Tulle cinematografico frontale per una parvenza realistica dell&#8217;attaccatura dei capelli.<\/p>\n<p>-Un tulle stretch elastico sulla nuca.<\/p>\n<p>-Bande elastiche poste sulla nuca per regolarne la misura.<\/p>\n<p>-Densit\u00e0 naturale non abbiamo optato per volumi alti onde evitare l&#8217;effetti innaturali.<\/p>\n<p>-Fibra opaca e realistica senza per evitare brillii innaturali.<\/p>\n<p data-sourcepos=\"42:1-42:321\">\n","protected":false},"excerpt":{"rendered":"<p>Parrucca Pauline un bellissima parrucca sintetica dalla vestibilit\u00e0 speciale. \u00e8 una parrucca ideata per necessit\u00e0 alopeciche ottima leggerezza e traspirazione.<\/p>\n","protected":false},"featured_media":49393,"comment_status":"open","ping_status":"closed","template":"","meta":{"_acf_changed":false},"product_cat":[2369,2186,2189,1593,1623,1594,1600,1610,1541,1597,1548,1550,1551,1553,1554,1557,1560,1568,1572,1573,1576,1579,1582,1586,1539],"product_tag":[1860,2416,1803,1729,2417,1877,2333,1865],"class_list":{"0":"post-49377","1":"product","2":"type-product","3":"status-publish","4":"has-post-thumbnail","6":"product_cat-offerte-speciali","7":"product_cat-parrucche-di-lusso","8":"product_cat-parrucche-luxury-ruby","9":"product_cat-tutte-le-parrucche","10":"product_cat-parrucche-femina","11":"product_cat-tutte-le-parrucche-donna","12":"product_cat-parrucche-sintetiche-donna","13":"product_cat-best-seller","14":"product_cat-small-large-parrucche-di-piccole-e-grandi-dimensioni","15":"product_cat-parrucche-chemioterapia-donna","16":"product_cat-parrucche-in-lace","17":"product_cat-parrucche-lunghe","18":"product_cat-parrucche-medie","19":"product_cat-parrucche-monofilamento","20":"product_cat-parrucche-ricce-e-mosse","21":"product_cat-parrucche-piccole","22":"product_cat-parrucche","23":"product_cat-parrucche-moda","24":"product_cat-parrucca-rossa","25":"product_cat-parrucca-bionda","26":"product_cat-parrucche-milano","27":"product_cat-farcaphair-parrucche","28":"product_cat-parrucche-sintetiche-economiche","29":"product_cat-125-parrucche-online","30":"product_cat-parrucche-in-fibra-lavorate-a-mano","31":"product_tag-alopecia","32":"product_tag-parrucca-pauline","33":"product_tag-parrucca-sintetica","34":"product_tag-parrucche-online","35":"product_tag-parrucche-per-alopecia","36":"product_tag-parrucche-per-chemioterapia","37":"product_tag-wig","38":"product_tag-wigs","39":"pa_colori_parrucche-pw-auburn-rooted","40":"pa_colori_parrucche-pw-bernstein","41":"pa_colori_parrucche-pw-champagne-rooted","42":"pa_colori_parrucche-pw-chocolate-caramel","43":"pa_colori_parrucche-pw-chocolte-mix","44":"pa_colori_parrucche-pw-coffe-mix","45":"pa_colori_parrucche-pw-espresso-mix","46":"pa_colori_parrucche-pw-light-blonde-rooted","47":"pa_colori_parrucche-pw-platinblonde-rooted","48":"pa_colori_parrucche-pw-sandy-blonde-rooted","50":"first","51":"instock","52":"sale","53":"taxable","54":"shipping-taxable","55":"purchasable","56":"product-type-variable","swatches":"rey-swatches","show_selected":""},"acf":[],"yoast_head":"<!-- This site is optimized with the Yoast SEO Premium plugin v24.8 (Yoast SEO v27.0) - https:\/\/yoast.com\/product\/yoast-seo-premium-wordpress\/ -->\n<title>Parrucca Pauline - Leggera e Traspirante<\/title>\n<meta name=\"description\" content=\"Parrucca Pauline un modello elegante in fibra sintetica per un&#039;immagine realistica e un comfort sartoriale. Dal 1988 ci prendiamo cura di te!\" \/>\n<meta name=\"robots\" content=\"noindex, follow, max-snippet:-1, max-image-preview:large, max-video-preview:-1\" \/>\n<meta property=\"og:locale\" content=\"it_IT\" \/>\n<meta property=\"og:type\" content=\"article\" \/>\n<meta property=\"og:title\" content=\"Perfetta vestibilit\u00e0, tutto il giorno. Dimentica di averla addosso!\" \/>\n<meta property=\"og:description\" content=\"Stile impeccabile, parrucca Pauline. La tua scorciatoia per la bellezza.\" \/>\n<meta property=\"og:url\" content=\"https:\/\/www.parruccheonline.com\/stagingg\/parrucca-pauline\/\" \/>\n<meta property=\"og:site_name\" content=\"Parrucche Online\" \/>\n<meta property=\"article:publisher\" content=\"https:\/\/www.facebook.com\/farcaphair\" \/>\n<meta property=\"article:modified_time\" content=\"2026-04-08T13:16:57+00:00\" \/>\n<meta property=\"og:image\" content=\"https:\/\/www.parruccheonline.com\/stagingg\/wp-content\/uploads\/2025\/05\/1-1.jpg\" \/>\n\t<meta property=\"og:image:width\" content=\"800\" \/>\n\t<meta property=\"og:image:height\" content=\"800\" \/>\n\t<meta property=\"og:image:type\" content=\"image\/jpeg\" \/>\n<meta name=\"twitter:card\" content=\"summary_large_image\" \/>\n<meta name=\"twitter:title\" content=\"Parrucca Pauline\" \/>\n<script type=\"application\/ld+json\" class=\"yoast-schema-graph\">{\"@context\":\"https:\/\/schema.org\",\"@graph\":[{\"@type\":\"WebPage\",\"@id\":\"https:\/\/www.parruccheonline.com\/stagingg\/parrucca-pauline\/\",\"url\":\"https:\/\/www.parruccheonline.com\/stagingg\/parrucca-pauline\/\",\"name\":\"Parrucca Pauline - Leggera e Traspirante\",\"isPartOf\":{\"@id\":\"https:\/\/www.parruccheonline.com\/#website\"},\"primaryImageOfPage\":{\"@id\":\"https:\/\/www.parruccheonline.com\/stagingg\/parrucca-pauline\/#primaryimage\"},\"image\":{\"@id\":\"https:\/\/www.parruccheonline.com\/stagingg\/parrucca-pauline\/#primaryimage\"},\"thumbnailUrl\":\"https:\/\/www.parruccheonline.com\/stagingg\/wp-content\/uploads\/2025\/05\/1-1.jpg\",\"datePublished\":\"2025-05-23T15:20:34+00:00\",\"dateModified\":\"2026-04-08T13:16:57+00:00\",\"description\":\"Parrucca Pauline un modello elegante in fibra sintetica per un'immagine realistica e un comfort sartoriale. Dal 1988 ci prendiamo cura di te!\",\"breadcrumb\":{\"@id\":\"https:\/\/www.parruccheonline.com\/stagingg\/parrucca-pauline\/#breadcrumb\"},\"inLanguage\":\"it-IT\",\"potentialAction\":[{\"@type\":\"ReadAction\",\"target\":[\"https:\/\/www.parruccheonline.com\/stagingg\/parrucca-pauline\/\"]}]},{\"@type\":\"ImageObject\",\"inLanguage\":\"it-IT\",\"@id\":\"https:\/\/www.parruccheonline.com\/stagingg\/parrucca-pauline\/#primaryimage\",\"url\":\"https:\/\/www.parruccheonline.com\/stagingg\/wp-content\/uploads\/2025\/05\/1-1.jpg\",\"contentUrl\":\"https:\/\/www.parruccheonline.com\/stagingg\/wp-content\/uploads\/2025\/05\/1-1.jpg\",\"width\":800,\"height\":800,\"caption\":\"Parrucca Pauline\"},{\"@type\":\"BreadcrumbList\",\"@id\":\"https:\/\/www.parruccheonline.com\/stagingg\/parrucca-pauline\/#breadcrumb\",\"itemListElement\":[{\"@type\":\"ListItem\",\"position\":1,\"name\":\"Home\",\"item\":\"https:\/\/www.parruccheonline.com\/stagingg\/\"},{\"@type\":\"ListItem\",\"position\":2,\"name\":\"Shop\",\"item\":\"https:\/\/www.parruccheonline.com\/stagingg\/shop\/\"},{\"@type\":\"ListItem\",\"position\":3,\"name\":\"Parrucca Pauline\"}]},{\"@type\":\"WebSite\",\"@id\":\"https:\/\/www.parruccheonline.com\/#website\",\"url\":\"https:\/\/www.parruccheonline.com\/\",\"name\":\"Parrucche Online\",\"description\":\"\",\"publisher\":{\"@id\":\"https:\/\/www.parruccheonline.com\/#organization\"},\"potentialAction\":[{\"@type\":\"SearchAction\",\"target\":{\"@type\":\"EntryPoint\",\"urlTemplate\":\"https:\/\/www.parruccheonline.com\/?s={search_term_string}\"},\"query-input\":{\"@type\":\"PropertyValueSpecification\",\"valueRequired\":true,\"valueName\":\"search_term_string\"}}],\"inLanguage\":\"it-IT\"},{\"@type\":\"Organization\",\"@id\":\"https:\/\/www.parruccheonline.com\/#organization\",\"name\":\"Parrucche Online\",\"url\":\"https:\/\/www.parruccheonline.com\/\",\"logo\":{\"@type\":\"ImageObject\",\"inLanguage\":\"it-IT\",\"@id\":\"https:\/\/www.parruccheonline.com\/#\/schema\/logo\/image\/\",\"url\":\"http:\/\/www.parruccheonline.com\/stagingg\/wp-content\/uploads\/2024\/11\/logo_parrucche-online_nero.svg\",\"contentUrl\":\"http:\/\/www.parruccheonline.com\/stagingg\/wp-content\/uploads\/2024\/11\/logo_parrucche-online_nero.svg\",\"width\":1000,\"height\":280,\"caption\":\"Parrucche Online\"},\"image\":{\"@id\":\"https:\/\/www.parruccheonline.com\/#\/schema\/logo\/image\/\"},\"sameAs\":[\"https:\/\/www.facebook.com\/farcaphair\",\"https:\/\/www.instagram.com\/parrucche_online_official\/\"]}]}<\/script>\n<!-- \/ Yoast SEO Premium plugin. -->","yoast_head_json":{"title":"Parrucca Pauline - Leggera e Traspirante","description":"Parrucca Pauline un modello elegante in fibra sintetica per un'immagine realistica e un comfort sartoriale. Dal 1988 ci prendiamo cura di te!","robots":{"index":"noindex","follow":"follow","max-snippet":"max-snippet:-1","max-image-preview":"max-image-preview:large","max-video-preview":"max-video-preview:-1"},"og_locale":"it_IT","og_type":"article","og_title":"Perfetta vestibilit\u00e0, tutto il giorno. Dimentica di averla addosso!","og_description":"Stile impeccabile, parrucca Pauline. La tua scorciatoia per la bellezza.","og_url":"https:\/\/www.parruccheonline.com\/stagingg\/parrucca-pauline\/","og_site_name":"Parrucche Online","article_publisher":"https:\/\/www.facebook.com\/farcaphair","article_modified_time":"2026-04-08T13:16:57+00:00","og_image":[{"width":800,"height":800,"url":"https:\/\/www.parruccheonline.com\/stagingg\/wp-content\/uploads\/2025\/05\/1-1.jpg","type":"image\/jpeg"}],"twitter_card":"summary_large_image","twitter_title":"Parrucca Pauline","schema":{"@context":"https:\/\/schema.org","@graph":[{"@type":"WebPage","@id":"https:\/\/www.parruccheonline.com\/stagingg\/parrucca-pauline\/","url":"https:\/\/www.parruccheonline.com\/stagingg\/parrucca-pauline\/","name":"Parrucca Pauline - Leggera e Traspirante","isPartOf":{"@id":"https:\/\/www.parruccheonline.com\/#website"},"primaryImageOfPage":{"@id":"https:\/\/www.parruccheonline.com\/stagingg\/parrucca-pauline\/#primaryimage"},"image":{"@id":"https:\/\/www.parruccheonline.com\/stagingg\/parrucca-pauline\/#primaryimage"},"thumbnailUrl":"https:\/\/www.parruccheonline.com\/stagingg\/wp-content\/uploads\/2025\/05\/1-1.jpg","datePublished":"2025-05-23T15:20:34+00:00","dateModified":"2026-04-08T13:16:57+00:00","description":"Parrucca Pauline un modello elegante in fibra sintetica per un'immagine realistica e un comfort sartoriale. Dal 1988 ci prendiamo cura di te!","breadcrumb":{"@id":"https:\/\/www.parruccheonline.com\/stagingg\/parrucca-pauline\/#breadcrumb"},"inLanguage":"it-IT","potentialAction":[{"@type":"ReadAction","target":["https:\/\/www.parruccheonline.com\/stagingg\/parrucca-pauline\/"]}]},{"@type":"ImageObject","inLanguage":"it-IT","@id":"https:\/\/www.parruccheonline.com\/stagingg\/parrucca-pauline\/#primaryimage","url":"https:\/\/www.parruccheonline.com\/stagingg\/wp-content\/uploads\/2025\/05\/1-1.jpg","contentUrl":"https:\/\/www.parruccheonline.com\/stagingg\/wp-content\/uploads\/2025\/05\/1-1.jpg","width":800,"height":800,"caption":"Parrucca Pauline"},{"@type":"BreadcrumbList","@id":"https:\/\/www.parruccheonline.com\/stagingg\/parrucca-pauline\/#breadcrumb","itemListElement":[{"@type":"ListItem","position":1,"name":"Home","item":"https:\/\/www.parruccheonline.com\/stagingg\/"},{"@type":"ListItem","position":2,"name":"Shop","item":"https:\/\/www.parruccheonline.com\/stagingg\/shop\/"},{"@type":"ListItem","position":3,"name":"Parrucca Pauline"}]},{"@type":"WebSite","@id":"https:\/\/www.parruccheonline.com\/#website","url":"https:\/\/www.parruccheonline.com\/","name":"Parrucche Online","description":"","publisher":{"@id":"https:\/\/www.parruccheonline.com\/#organization"},"potentialAction":[{"@type":"SearchAction","target":{"@type":"EntryPoint","urlTemplate":"https:\/\/www.parruccheonline.com\/?s={search_term_string}"},"query-input":{"@type":"PropertyValueSpecification","valueRequired":true,"valueName":"search_term_string"}}],"inLanguage":"it-IT"},{"@type":"Organization","@id":"https:\/\/www.parruccheonline.com\/#organization","name":"Parrucche Online","url":"https:\/\/www.parruccheonline.com\/","logo":{"@type":"ImageObject","inLanguage":"it-IT","@id":"https:\/\/www.parruccheonline.com\/#\/schema\/logo\/image\/","url":"http:\/\/www.parruccheonline.com\/stagingg\/wp-content\/uploads\/2024\/11\/logo_parrucche-online_nero.svg","contentUrl":"http:\/\/www.parruccheonline.com\/stagingg\/wp-content\/uploads\/2024\/11\/logo_parrucche-online_nero.svg","width":1000,"height":280,"caption":"Parrucche Online"},"image":{"@id":"https:\/\/www.parruccheonline.com\/#\/schema\/logo\/image\/"},"sameAs":["https:\/\/www.facebook.com\/farcaphair","https:\/\/www.instagram.com\/parrucche_online_official\/"]}]}},"_links":{"self":[{"href":"https:\/\/www.parruccheonline.com\/stagingg\/wp-json\/wp\/v2\/product\/49377","targetHints":{"allow":["GET"]}}],"collection":[{"href":"https:\/\/www.parruccheonline.com\/stagingg\/wp-json\/wp\/v2\/product"}],"about":[{"href":"https:\/\/www.parruccheonline.com\/stagingg\/wp-json\/wp\/v2\/types\/product"}],"replies":[{"embeddable":true,"href":"https:\/\/www.parruccheonline.com\/stagingg\/wp-json\/wp\/v2\/comments?post=49377"}],"wp:featuredmedia":[{"embeddable":true,"href":"https:\/\/www.parruccheonline.com\/stagingg\/wp-json\/wp\/v2\/media\/49393"}],"wp:attachment":[{"href":"https:\/\/www.parruccheonline.com\/stagingg\/wp-json\/wp\/v2\/media?parent=49377"}],"wp:term":[{"taxonomy":"product_cat","embeddable":true,"href":"https:\/\/www.parruccheonline.com\/stagingg\/wp-json\/wp\/v2\/product_cat?post=49377"},{"taxonomy":"product_tag","embeddable":true,"href":"https:\/\/www.parruccheonline.com\/stagingg\/wp-json\/wp\/v2\/product_tag?post=49377"}],"curies":[{"name":"wp","href":"https:\/\/api.w.org\/{rel}","templated":true}]}}