{"id":50265,"date":"2025-07-14T16:33:19","date_gmt":"2025-07-14T14:33:19","guid":{"rendered":"http:\/\/www.parruccheonline.com\/stageing\/?post_type=product&#038;p=50265"},"modified":"2025-10-03T11:01:00","modified_gmt":"2025-10-03T09:01:00","slug":"parrucca-rainbow","status":"publish","type":"product","link":"https:\/\/www.parruccheonline.com\/stageing\/parrucca-rainbow\/","title":{"rendered":"Parrucca  Rainbow"},"content":{"rendered":"<p>Parrucca termo resistente fino a 130\u00b0.Questa tipologia di fibra innovativa consente di poter utilizzare phon o piastre per rimodellare la piega.<br \/>\nLavorata a macchina con monofilamento parziale nel vortice.<\/p>\n<p><span data-olk-copy-source=\"MessageBody\">Dotata di un materiale traspirante su tempie e nuca utile soprattutto d\u2019estate favorendo una maggiore traspirazione della testa.<\/span><\/p>\n<p>Parrucca a dispositivo medico e deducibile ove compreso.<\/p>\n","protected":false},"excerpt":{"rendered":"<p>La parrucca Rainbow di Ellen Wille \u00e8 una scelta vivace e originale, perfetta per chi ama esprimere la propria personalit\u00e0. Il taglio \u00e8 medio e sbarazzino caratterizzato da una frangia sfilata. La fibra di alta qualit\u00e0 garantisce un aspetto naturale e una buona durata nel tempo.<\/p>\n<div class=\"rey-productSummary\">\n<div class=\"summary entry-summary\">\n<div class=\"rey-innerSummary\">\n<div class=\"woocommerce-product-details__short-description\">\n<p>Dispositivo Medico. Il colore della foto \u00e8 indicativamente cappuccino mix<\/p>\n<p>SPEDIZIONE GRATUITA IN TUTTA ITALIA<\/p>\n<\/div>\n<div class=\"product_meta rey-pdp-meta\"><\/div>\n<\/div>\n<\/div>\n<\/div>\n<div class=\"rey-wcPanels \">\n<div class=\"rey-wcPanel rey-wcPanel--description rey-wcPanel--ord-1\">\n<div class=\"rey-wcPanel-inner\"><\/div>\n<\/div>\n<\/div>\n","protected":false},"featured_media":49641,"comment_status":"open","ping_status":"closed","template":"","meta":{"_acf_changed":false},"product_cat":[1610,1580,1593,1596,1597,1555,1553,1594,1614,1600,1582,1551,1542],"product_tag":[],"class_list":{"0":"post-50265","1":"product","2":"type-product","3":"status-publish","4":"has-post-thumbnail","6":"product_cat-best-seller","7":"product_cat-ellen-wille-parrucche","8":"product_cat-tutte-le-parrucche","9":"product_cat-parrucca-alopecia-donna","10":"product_cat-parrucche-chemioterapia-donna","11":"product_cat-parrucche-lisce","12":"product_cat-parrucche-monofilamento","13":"product_cat-tutte-le-parrucche-donna","14":"product_cat-parrucche-perucci","15":"product_cat-parrucche-sintetiche-donna","16":"product_cat-parrucche-sintetiche-economiche","17":"product_cat-parrucche-medie","18":"product_cat-perucci-2016-parrucche-donna","19":"pa_colori_parrucche-biondo-perla-con-finta-ricrescita-pearlblonde-rooted","20":"pa_colori_parrucche-cappuccino-mix","21":"pa_colori_parrucche-4f-champagnechiaroconfintaric","22":"pa_colori_parrucche-chocolatelighted","23":"pa_colori_parrucche-e6-cioccolatoscuroconeffettof","24":"pa_colori_parrucche-coffeebrown-lighted","25":"pa_colori_parrucche-flame-lighted","26":"pa_colori_parrucche-hothazelnut-rooted","27":"pa_colori_parrucche-lightespresso-mix","28":"pa_colori_parrucche-5f-mangoredrooted_rossomangoc","29":"pa_colori_parrucche-nero-con-sfumature-blu-cosmoblack-mix","30":"pa_colori_parrucche-08-platinblonderooted_biondop","31":"pa_colori_parrucche-a2-sabbiachiaraconfintaricres","32":"pa_colori_parrucche-23-sabbiadislandaconeffettofi","34":"first","35":"instock","36":"sale","37":"taxable","38":"shipping-taxable","39":"purchasable","40":"product-type-variable","swatches":"rey-swatches","show_selected":""},"acf":[],"yoast_head":"<!-- This site is optimized with the Yoast SEO Premium plugin v24.8 (Yoast SEO v27.0) - https:\/\/yoast.com\/product\/yoast-seo-premium-wordpress\/ -->\n<title>Parrucca Rainbow - Parrucche Online<\/title>\n<meta name=\"robots\" content=\"noindex, follow, max-snippet:-1, max-image-preview:large, max-video-preview:-1\" \/>\n<meta property=\"og:locale\" content=\"it_IT\" \/>\n<meta property=\"og:type\" content=\"article\" \/>\n<meta property=\"og:title\" content=\"Parrucca Rainbow\" \/>\n<meta property=\"og:description\" content=\"La parrucca Rainbow di Ellen Wille \u00e8 una scelta vivace e originale, perfetta per chi ama esprimere la propria personalit\u00e0. Il taglio \u00e8 medio e sbarazzino caratterizzato da una frangia sfilata. La fibra di alta qualit\u00e0 garantisce un aspetto naturale e una buona durata nel tempo.      Dispositivo Medico. Il colore della foto \u00e8 indicativamente cappuccino mix  SPEDIZIONE GRATUITA IN TUTTA ITALIA\" \/>\n<meta property=\"og:url\" content=\"https:\/\/www.parruccheonline.com\/stageing\/parrucca-rainbow\/\" \/>\n<meta property=\"og:site_name\" content=\"Parrucche Online\" \/>\n<meta property=\"article:publisher\" content=\"https:\/\/www.facebook.com\/farcaphair\" \/>\n<meta property=\"article:modified_time\" content=\"2025-10-03T09:01:00+00:00\" \/>\n<meta property=\"og:image\" content=\"https:\/\/www.parruccheonline.com\/stageing\/wp-content\/uploads\/2025\/05\/rainbow-cappuccino-mix-02.jpg\" \/>\n\t<meta property=\"og:image:width\" content=\"800\" \/>\n\t<meta property=\"og:image:height\" content=\"800\" \/>\n\t<meta property=\"og:image:type\" content=\"image\/jpeg\" \/>\n<meta name=\"twitter:card\" content=\"summary_large_image\" \/>\n<script type=\"application\/ld+json\" class=\"yoast-schema-graph\">{\"@context\":\"https:\/\/schema.org\",\"@graph\":[{\"@type\":\"WebPage\",\"@id\":\"https:\/\/www.parruccheonline.com\/stageing\/parrucca-rainbow\/\",\"url\":\"https:\/\/www.parruccheonline.com\/stageing\/parrucca-rainbow\/\",\"name\":\"Parrucca Rainbow - Parrucche Online\",\"isPartOf\":{\"@id\":\"https:\/\/www.parruccheonline.com\/#website\"},\"primaryImageOfPage\":{\"@id\":\"https:\/\/www.parruccheonline.com\/stageing\/parrucca-rainbow\/#primaryimage\"},\"image\":{\"@id\":\"https:\/\/www.parruccheonline.com\/stageing\/parrucca-rainbow\/#primaryimage\"},\"thumbnailUrl\":\"https:\/\/www.parruccheonline.com\/stageing\/wp-content\/uploads\/2025\/05\/rainbow-cappuccino-mix-02.jpg\",\"datePublished\":\"2025-07-14T14:33:19+00:00\",\"dateModified\":\"2025-10-03T09:01:00+00:00\",\"breadcrumb\":{\"@id\":\"https:\/\/www.parruccheonline.com\/stageing\/parrucca-rainbow\/#breadcrumb\"},\"inLanguage\":\"it-IT\",\"potentialAction\":[{\"@type\":\"ReadAction\",\"target\":[\"https:\/\/www.parruccheonline.com\/stageing\/parrucca-rainbow\/\"]}]},{\"@type\":\"ImageObject\",\"inLanguage\":\"it-IT\",\"@id\":\"https:\/\/www.parruccheonline.com\/stageing\/parrucca-rainbow\/#primaryimage\",\"url\":\"https:\/\/www.parruccheonline.com\/stageing\/wp-content\/uploads\/2025\/05\/rainbow-cappuccino-mix-02.jpg\",\"contentUrl\":\"https:\/\/www.parruccheonline.com\/stageing\/wp-content\/uploads\/2025\/05\/rainbow-cappuccino-mix-02.jpg\",\"width\":800,\"height\":800},{\"@type\":\"BreadcrumbList\",\"@id\":\"https:\/\/www.parruccheonline.com\/stageing\/parrucca-rainbow\/#breadcrumb\",\"itemListElement\":[{\"@type\":\"ListItem\",\"position\":1,\"name\":\"Home\",\"item\":\"https:\/\/www.parruccheonline.com\/stageing\/\"},{\"@type\":\"ListItem\",\"position\":2,\"name\":\"Shop\",\"item\":\"https:\/\/www.parruccheonline.com\/stageing\/shop\/\"},{\"@type\":\"ListItem\",\"position\":3,\"name\":\"Parrucca Rainbow\"}]},{\"@type\":\"WebSite\",\"@id\":\"https:\/\/www.parruccheonline.com\/#website\",\"url\":\"https:\/\/www.parruccheonline.com\/\",\"name\":\"Parrucche Online\",\"description\":\"\",\"publisher\":{\"@id\":\"https:\/\/www.parruccheonline.com\/#organization\"},\"potentialAction\":[{\"@type\":\"SearchAction\",\"target\":{\"@type\":\"EntryPoint\",\"urlTemplate\":\"https:\/\/www.parruccheonline.com\/?s={search_term_string}\"},\"query-input\":{\"@type\":\"PropertyValueSpecification\",\"valueRequired\":true,\"valueName\":\"search_term_string\"}}],\"inLanguage\":\"it-IT\"},{\"@type\":\"Organization\",\"@id\":\"https:\/\/www.parruccheonline.com\/#organization\",\"name\":\"Parrucche Online\",\"url\":\"https:\/\/www.parruccheonline.com\/\",\"logo\":{\"@type\":\"ImageObject\",\"inLanguage\":\"it-IT\",\"@id\":\"https:\/\/www.parruccheonline.com\/#\/schema\/logo\/image\/\",\"url\":\"http:\/\/www.parruccheonline.com\/stageing\/wp-content\/uploads\/2024\/11\/logo_parrucche-online_nero.svg\",\"contentUrl\":\"http:\/\/www.parruccheonline.com\/stageing\/wp-content\/uploads\/2024\/11\/logo_parrucche-online_nero.svg\",\"width\":1000,\"height\":280,\"caption\":\"Parrucche Online\"},\"image\":{\"@id\":\"https:\/\/www.parruccheonline.com\/#\/schema\/logo\/image\/\"},\"sameAs\":[\"https:\/\/www.facebook.com\/farcaphair\",\"https:\/\/www.instagram.com\/parrucche_online_official\/\"]}]}<\/script>\n<!-- \/ Yoast SEO Premium plugin. -->","yoast_head_json":{"title":"Parrucca Rainbow - Parrucche Online","robots":{"index":"noindex","follow":"follow","max-snippet":"max-snippet:-1","max-image-preview":"max-image-preview:large","max-video-preview":"max-video-preview:-1"},"og_locale":"it_IT","og_type":"article","og_title":"Parrucca Rainbow","og_description":"La parrucca Rainbow di Ellen Wille \u00e8 una scelta vivace e originale, perfetta per chi ama esprimere la propria personalit\u00e0. Il taglio \u00e8 medio e sbarazzino caratterizzato da una frangia sfilata. La fibra di alta qualit\u00e0 garantisce un aspetto naturale e una buona durata nel tempo.      Dispositivo Medico. Il colore della foto \u00e8 indicativamente cappuccino mix  SPEDIZIONE GRATUITA IN TUTTA ITALIA","og_url":"https:\/\/www.parruccheonline.com\/stageing\/parrucca-rainbow\/","og_site_name":"Parrucche Online","article_publisher":"https:\/\/www.facebook.com\/farcaphair","article_modified_time":"2025-10-03T09:01:00+00:00","og_image":[{"width":800,"height":800,"url":"https:\/\/www.parruccheonline.com\/stageing\/wp-content\/uploads\/2025\/05\/rainbow-cappuccino-mix-02.jpg","type":"image\/jpeg"}],"twitter_card":"summary_large_image","schema":{"@context":"https:\/\/schema.org","@graph":[{"@type":"WebPage","@id":"https:\/\/www.parruccheonline.com\/stageing\/parrucca-rainbow\/","url":"https:\/\/www.parruccheonline.com\/stageing\/parrucca-rainbow\/","name":"Parrucca Rainbow - Parrucche Online","isPartOf":{"@id":"https:\/\/www.parruccheonline.com\/#website"},"primaryImageOfPage":{"@id":"https:\/\/www.parruccheonline.com\/stageing\/parrucca-rainbow\/#primaryimage"},"image":{"@id":"https:\/\/www.parruccheonline.com\/stageing\/parrucca-rainbow\/#primaryimage"},"thumbnailUrl":"https:\/\/www.parruccheonline.com\/stageing\/wp-content\/uploads\/2025\/05\/rainbow-cappuccino-mix-02.jpg","datePublished":"2025-07-14T14:33:19+00:00","dateModified":"2025-10-03T09:01:00+00:00","breadcrumb":{"@id":"https:\/\/www.parruccheonline.com\/stageing\/parrucca-rainbow\/#breadcrumb"},"inLanguage":"it-IT","potentialAction":[{"@type":"ReadAction","target":["https:\/\/www.parruccheonline.com\/stageing\/parrucca-rainbow\/"]}]},{"@type":"ImageObject","inLanguage":"it-IT","@id":"https:\/\/www.parruccheonline.com\/stageing\/parrucca-rainbow\/#primaryimage","url":"https:\/\/www.parruccheonline.com\/stageing\/wp-content\/uploads\/2025\/05\/rainbow-cappuccino-mix-02.jpg","contentUrl":"https:\/\/www.parruccheonline.com\/stageing\/wp-content\/uploads\/2025\/05\/rainbow-cappuccino-mix-02.jpg","width":800,"height":800},{"@type":"BreadcrumbList","@id":"https:\/\/www.parruccheonline.com\/stageing\/parrucca-rainbow\/#breadcrumb","itemListElement":[{"@type":"ListItem","position":1,"name":"Home","item":"https:\/\/www.parruccheonline.com\/stageing\/"},{"@type":"ListItem","position":2,"name":"Shop","item":"https:\/\/www.parruccheonline.com\/stageing\/shop\/"},{"@type":"ListItem","position":3,"name":"Parrucca Rainbow"}]},{"@type":"WebSite","@id":"https:\/\/www.parruccheonline.com\/#website","url":"https:\/\/www.parruccheonline.com\/","name":"Parrucche Online","description":"","publisher":{"@id":"https:\/\/www.parruccheonline.com\/#organization"},"potentialAction":[{"@type":"SearchAction","target":{"@type":"EntryPoint","urlTemplate":"https:\/\/www.parruccheonline.com\/?s={search_term_string}"},"query-input":{"@type":"PropertyValueSpecification","valueRequired":true,"valueName":"search_term_string"}}],"inLanguage":"it-IT"},{"@type":"Organization","@id":"https:\/\/www.parruccheonline.com\/#organization","name":"Parrucche Online","url":"https:\/\/www.parruccheonline.com\/","logo":{"@type":"ImageObject","inLanguage":"it-IT","@id":"https:\/\/www.parruccheonline.com\/#\/schema\/logo\/image\/","url":"http:\/\/www.parruccheonline.com\/stageing\/wp-content\/uploads\/2024\/11\/logo_parrucche-online_nero.svg","contentUrl":"http:\/\/www.parruccheonline.com\/stageing\/wp-content\/uploads\/2024\/11\/logo_parrucche-online_nero.svg","width":1000,"height":280,"caption":"Parrucche Online"},"image":{"@id":"https:\/\/www.parruccheonline.com\/#\/schema\/logo\/image\/"},"sameAs":["https:\/\/www.facebook.com\/farcaphair","https:\/\/www.instagram.com\/parrucche_online_official\/"]}]}},"_links":{"self":[{"href":"https:\/\/www.parruccheonline.com\/stageing\/wp-json\/wp\/v2\/product\/50265","targetHints":{"allow":["GET"]}}],"collection":[{"href":"https:\/\/www.parruccheonline.com\/stageing\/wp-json\/wp\/v2\/product"}],"about":[{"href":"https:\/\/www.parruccheonline.com\/stageing\/wp-json\/wp\/v2\/types\/product"}],"replies":[{"embeddable":true,"href":"https:\/\/www.parruccheonline.com\/stageing\/wp-json\/wp\/v2\/comments?post=50265"}],"wp:featuredmedia":[{"embeddable":true,"href":"https:\/\/www.parruccheonline.com\/stageing\/wp-json\/wp\/v2\/media\/49641"}],"wp:attachment":[{"href":"https:\/\/www.parruccheonline.com\/stageing\/wp-json\/wp\/v2\/media?parent=50265"}],"wp:term":[{"taxonomy":"product_cat","embeddable":true,"href":"https:\/\/www.parruccheonline.com\/stageing\/wp-json\/wp\/v2\/product_cat?post=50265"},{"taxonomy":"product_tag","embeddable":true,"href":"https:\/\/www.parruccheonline.com\/stageing\/wp-json\/wp\/v2\/product_tag?post=50265"}],"curies":[{"name":"wp","href":"https:\/\/api.w.org\/{rel}","templated":true}]}}